?
7, 2017, 10867
List the prime factors of 4860927267.
3, 7, 109, 2123603
List the prime factors of 2799697273.
139, 20141707
List the prime factors of 34046753.
13, 47, 103, 541
What are the prime factors of 5264252690?
2, 5, 79, 6663611
What are the prime factors of 156348183?
3, 109, 478129
What are the prime factors of 36828337?
7, 13, 101, 4007
List the prime factors of 30062363.
881, 34123
List the prime factors of 32595981.
3, 11, 383, 2579
What are the prime factors of 385772125?
5, 3086177
What are the prime factors of 42768558?
2, 3, 7, 339433
What are the prime factors of 703357067?
7, 19, 5288399
What are the prime factors of 319841025?
3, 5, 7, 609221
List the prime factors of 1166197.
211, 5527
What are the prime factors of 20199523?
20199523
List the prime factors of 116405884.
2, 7, 29, 143357
List the prime factors of 2791900005.
3, 5, 186126667
List the prime factors of 40061236.
2, 59, 169751
What are the prime factors of 7258705?
5, 1451741
What are the prime factors of 228055722?
2, 3, 38009287
List the prime factors of 727946764.
2, 79, 2303629
What are the prime factors of 333741863?
7, 13, 1831, 2003
What are the prime factors of 103452941?
103452941
What are the prime factors of 3354666716?
2, 37, 2203, 10289
What are the prime factors of 327745285?
5, 7, 23, 407137
List the prime factors of 94811159.
17, 19, 73, 4021
What are the prime factors of 663717746?
2, 821, 404213
List the prime factors of 615230737.
11, 29, 1928623
What are the prime factors of 316906505?
5, 73, 199, 4363
List the prime factors of 95895826.
2, 13, 3688301
What are the prime factors of 726348630?
2, 3, 5, 7, 17, 203459
What are the prime factors of 81211580?
2, 5, 4060579
What are the prime factors of 126258587?
7, 13, 467, 2971
What are the prime factors of 37170878?
2, 19, 978181
What are the prime factors of 145361396?
2, 73, 497813
What are the prime factors of 1549618950?
2, 3, 5, 11, 43, 21841
List the prime factors of 70181186.
2, 35090593
What are the prime factors of 86819297?
71, 101, 12107
What are the prime factors of 684591452?
2, 171147863
What are the prime factors of 14003053?
17, 823709
What are the prime factors of 2144782623?
3, 18869, 37889
List the prime factors of 49191917.
23, 29, 73751
What are the prime factors of 46914678?
2, 3, 911, 2861
What are the prime factors of 74591636?
2, 7, 67, 39761
What are the prime factors of 626417995?
5, 7, 23, 1471
What are the prime factors of 988843708?
2, 14627, 16901
What are the prime factors of 4053611?
4053611
What are the prime factors of 539718668?
2, 8243, 16369
What are the prime factors of 401895294?
2, 3, 66982549
What are the prime factors of 1814642850?
2, 3, 5, 71, 170389
What are the prime factors of 339989088?
2, 3, 67, 52859
What are the prime factors of 990699434?
2, 263, 1883459
What are the prime factors of 2465008191?
3, 37, 41, 180547
List the prime factors of 1173242823.
3, 6247, 62603
List the prime factors of 149849842.
2, 2713, 27617
List the prime factors of 171124474.
2, 569, 150373
What are the prime factors of 1637209892?
2, 37, 1229, 9001
What are the prime factors of 50693317?
73, 467, 1487
What are the prime factors of 318670919?
7, 149, 305533
List the prime factors of 2064539986.
2, 29, 37, 962041
What are the prime factors of 3558259481?
7, 167, 3043849
What are the prime factors of 148818093?
3, 353, 140527
What are the prime factors of 141920045?
5, 1667, 17027
What are the prime factors of 114209059?
3989, 28631
What are the prime factors of 119423039?
251, 475789
What are the prime factors of 182839934?
2, 587, 155741
List the prime factors of 2037431529.
3, 7, 37, 47, 6199
What are the prime factors of 36695521?
36695521
What are the prime factors of 220676173?
293, 753161
What are the prime factors of 875708245?
5, 175141649
List the prime factors of 819939367.
13, 31, 67, 30367
List the prime factors of 1405632422.
2, 757, 928423
List the prime factors of 8133869.
8133869
List the prime factors of 443097054.
2, 3, 2735167
List the prime factors of 247848104.
2, 7, 173, 25583
What are the prime factors of 2162204677?
23, 71, 1324069
What are the prime factors of 2520164691?
3, 11, 8485403
List the prime factors of 1422301347.
3, 23, 937, 7333
List the prime factors of 2309613648.
2, 3, 53, 251, 3617
What are the prime factors of 144329402?
2, 7, 173, 8513
What are the prime factors of 51456542?
2, 1453, 17707
List the prime factors of 5223315063.
3, 1741105021
What are the prime factors of 947550738?
2, 3, 47, 59, 56951
List the prime factors of 619455788.
2, 7, 22123421
List the prime factors of 943389721.
17, 163, 340451
What are the prime factors of 39622271?
13, 1381, 2207
What are the prime factors of 425214572?
2, 137, 775939
What are the prime factors of 4392740019?
3, 643, 2277211
What are the prime factors of 102207438?
2, 3, 5678191
What are the prime factors of 36261923?
191, 189853
What are the prime factors of 143922660?
2, 3, 5, 7, 342673
List the prime factors of 1714897999.
1714897999
What are the prime factors of 352555858?
2, 487, 361967
List the prime factors of 25464891.
3, 67, 126691
What are the prime factors of 312802662?
2, 3, 19, 37, 74159
List the prime factors of 532970607.
3, 13, 37, 433, 853
List the prime factors of 55922652.
2, 3, 1553407
List the prime factors of 4585992437.
13, 17, 19, 1092163
List the prime factors of 660075078.
2, 3, 13, 557, 15193
What are the prime factors of 64643171?
64643171
What are the prime factors of 2237764755?
3, 5, 5801, 25717
What are the prime factors of 3579424091?
163, 21959657
List the prime factors of 1155977106.
2, 3, 192662851
What are the prime factors of 717369471?
3, 7, 13, 23, 38083
List the prime factors of 1709560899.
3, 189951211
List the prime factors of 139046388.
2, 3, 13, 891323
What are the prime factors of 2504355332?
2, 47, 509, 26171
What are the prime factors of 173630345?
5, 7, 43, 2683
List the prime factors of 17810206.
2, 967, 9209
What are the prime factors of 225306919?
23, 425911
What are the prime factors of 575133035?
5, 17, 41, 79, 2089
What are the prime factors of 871077273?
3, 11, 37, 43, 47, 353
What are the prime factors of 31834508?
2, 7958627
List the prime factors of 1917945878.
2, 9173, 104543
List the prime factors of 72059734.
2, 853, 42239
What are the prime factors of 885353872?
2, 13, 4256509
List the prime factors of 270174505.
5, 431, 125371
List the prime factors of 11809312.
2, 41, 9001
What are the prime factors of 57947248?
2, 1619, 2237
What are the prime factors of 34627752?
2, 3, 480941
What are the prime factors of 3174369341?
11, 13, 31, 157, 4561
List the prime factors of 1387264113.
3, 23, 6701759
List the prime factors of 18593377.
11, 41, 41227
List the prime factors of 53148243.
3, 37, 478813
What are the prime factors of 27605388?
2, 3, 73, 31513
What are the prime factors of 434174078?
2, 13, 2539, 6577
List the prime factors of 350733694.
2, 113, 1551919
What are the prime factors of 634995255?
3, 5, 42333017
List the prime factors of 25366904.
2, 37, 43, 1993
What are the prime factors of 72295289?
11, 29, 226631
List the prime factors of 998651447.
4639, 215273
What are the prime factors of 116756070?
2, 3, 5, 3891869
What are the prime factors of 928596405?
3, 5, 11, 19, 271, 1093
What are the prime factors of 4850858385?
3, 5, 4801, 22453
List the prime factors of 67740651.
3, 11, 41, 5563
List the prime factors of 3827578660.
2, 5, 227, 843079
List the prime factors of 894079268.
2, 149, 1500133
List the prime factors of 76546775.
5, 911, 3361
List the prime factors of 53850547.
53850547
List the prime factors of 392399083.
17, 79, 292181
What are the prime factors of 47366579?
13, 1489, 2447
What are the prime factors of 419489159?
653, 642403
What are the prime factors of 36489661?
13, 23, 122039
List the prime factors of 6230968491.
3, 11, 188817227
List the prime factors of 143022063.
3, 19, 41, 3221
What are the prime factors of 414723295?
5, 7, 11849237
What are the prime factors of 16142868?
2, 3, 7, 131, 163
What are the prime factors of 14701325?
5, 59, 9967
What are the prime factors of 402598207?
11, 43, 851159
List the prime factors of 1015995469.
37, 27459337
List the prime factors of 72873